st common divisor of 68 and 12441212?
68
Calculate the greatest common factor of 73946299 and 511.
511
Calculate the highest common divisor of 46 and 457856699.
23
Calculate the highest common divisor of 9230 and 15314.
26
Calculate the highest common factor of 2430000 and 186192.
432
What is the highest common divisor of 446 and 123542?
446
What is the highest common factor of 1001 and 766605840?
1001
What is the highest common divisor of 40 and 348345570?
10
What is the greatest common factor of 3150 and 20403450?
450
Calculate the highest common divisor of 468 and 1194453.
117
Calculate the highest common divisor of 3070 and 12349075.
1535
Calculate the highest common divisor of 518633268 and 3368.
1684
What is the greatest common divisor of 525 and 32502645?
105
What is the greatest common factor of 69207 and 1188024?
177
Calculate the highest common divisor of 1572 and 11916546.
786
Calculate the greatest common divisor of 2728 and 41853968.
248
Calculate the greatest common divisor of 530 and 3918430.
10
Calculate the greatest common factor of 1552 and 3902698.
194
What is the greatest common divisor of 3996 and 34931034?
1998
What is the highest common factor of 398 and 37150?
2
Calculate the greatest common divisor of 1135421924 and 8918.
8918
Calculate the greatest common factor of 29955616 and 32.
32
Calculate the greatest common factor of 80016867 and 25035.
5007
Calculate the highest common factor of 7157338 and 2641.
19
Calculate the highest common divisor of 5753887 and 184.
23
What is the highest common factor of 41 and 30051319?
41
Calculate the highest common factor of 12 and 3088590.
6
What is the highest common factor of 513129 and 57?
3
Calculate the greatest common divisor of 3614576 and 90034.
826
What is the greatest common factor of 2478 and 14999098?
118
Calculate the highest common divisor of 68 and 564601144.
68
What is the greatest common factor of 14875 and 2542575?
175
What is the highest common divisor of 77 and 141136743?
11
Calculate the highest common divisor of 107518224 and 1345.
269
What is the highest common divisor of 37701 and 1078419?
213
What is the greatest common divisor of 9218078 and 1730980?
2438
Calculate the greatest common factor of 160903565 and 7845.
2615
Calculate the greatest common divisor of 87370 and 590.
10
What is the highest common divisor of 371 and 1212?
1
Calculate the highest common divisor of 235584 and 1872.
144
What is the highest common factor of 5 and 27729?
1
Calculate the highest common factor of 310 and 195353785.
155
What is the greatest common divisor of 41296 and 4442742?
58
What is the highest common divisor of 21309197 and 182?
91
What is the greatest common factor of 274390536 and 168?
168
Calculate the highest common divisor of 65564616 and 39.
39
What is the greatest common divisor of 5706186 and 824568?
4386
Calculate the highest common divisor of 28410 and 1378832.
1894
Calculate the highest common factor of 4629189 and 27.
3
What is the highest common divisor of 50948 and 154912?
188
Calculate the greatest common divisor of 235 and 38297950.
235
Calculate the highest common divisor of 2129690154 and 172.
86
What is the highest common factor of 110216 and 1432?
8
Calculate the greatest common divisor of 120825690 and 6360.
1590
What is the greatest common divisor of 110 and 282591584?
22
What is the highest common factor of 2952031 and 379?
379
Calculate the greatest common factor of 360 and 12233196.
36
Calculate the highest common divisor of 8648 and 9104504.
184
What is the greatest common divisor of 519929217 and 36?
9
What is the highest common divisor of 19600130 and 66?
22
What is the highest common divisor of 70 and 4638970?
70
What is the highest common divisor of 1242351 and 1034?
517
Calculate the highest common divisor of 14156448 and 44454.
1434
What is the greatest common divisor of 1892598 and 5758240?
4234
What is the greatest common factor of 285 and 6224286?
57
What is the greatest common divisor of 2763594 and 306?
18
What is the highest common divisor of 27 and 93685446?
9
What is the greatest common factor of 46718 and 142142?
994
What is the greatest common factor of 307 and 21140327?
307
What is the highest common divisor of 856077 and 1363038?
1857
Calculate the greatest common factor of 188992320 and 1452.
1452
Calculate the greatest common divisor of 386207 and 2496661.
3041
Calculate the greatest common factor of 161 and 30051593.
23
Calculate the highest common factor of 3162437 and 89.
89
Calculate the greatest common divisor of 13392 and 165978216.
2232
What is the highest common divisor of 21 and 1637604?
3
What is the highest common factor of 2752 and 168044688?
688
Calculate the greatest common divisor of 2100 and 124264700.
700
What is the highest common factor of 504 and 23793210?
126
What is the highest common divisor of 6487973 and 1019?
1019
What is the greatest common factor of 398185 and 2?
1
What is the greatest common factor of 1615172 and 3796?
52
Calculate the greatest common factor of 10605 and 22208655.
105
What is the greatest common divisor of 10578282 and 104?
26
What is the highest common divisor of 9450 and 704722410?
1890
What is the greatest common divisor of 1392930693 and 539?
539
Calculate the highest common factor of 144 and 653879856.
48
What is the highest common factor of 87120 and 1476?
36
Calculate the greatest common factor of 117 and 163996521.
39
Calculate the highest common divisor of 1656858 and 10341.
1149
What is the greatest common factor of 272136 and 345?
69
Calculate the greatest common divisor of 9874586 and 6.
2
What is the greatest common factor of 10319 and 62326153?
607
What is the greatest common divisor of 1570243 and 2356?
31
Calculate the highest common divisor of 14128214 and 40982.
1322
What is the highest common factor of 232 and 25118582?
58
What is the greatest common divisor of 110457 and 3528?
9
Calculate the greatest common divisor of 19270020 and 12.
12
Calculate the highest common factor of 80958267 and 31824.
1989
What is the greatest common divisor of 1907900 and 160?
20
Calculate the highest common factor of 137960096 and 1096.
1096
What is the greatest common divisor of 2572080 and 420?
420
What is the highest common factor of 34 and 33657926?
34
Calculate the greatest common factor of 142 and 98062.
2
What is the greatest common divisor of 1708013 and 232?
29
What is the greatest common divisor of 690525 and 1488?
93
Calculate the greatest common divisor of 170101 and 123.
1
Calculate the greatest common factor of 822721801 and 781.
781
What is the greatest common divisor of 171 and 644679?
9
Calculate the highest common factor of 5214619 and 3031.
433
What is the highest common divisor of 993456231 and 5449?
5449
Calculate the greatest common divisor of 204415068 and 1668.
1668
Calculate the highest common divisor of 5109103 and 10277.
239
What is the highest common divisor of 375 and 426275?
25
What is the greatest common divisor of 662875 and 625?
125
Calculate the highest common divisor of 211839 and 1331525.
241
Calculate the greatest common divisor of 879812 and 324.
4
What is the highest common divisor of 514697 and 117898?
233
Calculate the highest common divisor of 10 and 25625030.
10
Calculate the highest common divisor of 3321 and 11798324.
41
What is the greatest common factor of 2449476 and 1?
1
Calculate the highest common factor of 9605 and 1620355.
85
Calculate the highest common factor of 98976 and 48.
48
Calculate the greatest common divisor of 4180 and 949620.
380
Calculate the greatest common divisor of 21083472 and 124.
124
Calculate the greatest common factor of 523628 and 1092.
28
What is the highest common factor of 166404 and 5484?
12
Calculate the greatest common factor of 403160360 and 20.
20
What is the highest common factor of 275 and 8754570?
55
Calculate the greatest common divisor of 11052283 and 473.
11
What is the highest common factor of 628 and 97585548?
628
Calculate the highest common factor of 3782 and 92297026.
122
What is the greatest common divisor of 496364 and 10624757?
4279
What is the highest common factor of 32660290 and 325?
65
Calculate the greatest common divisor of 137 and 2844993512.
137
What is the greatest com